0155?
5
What is the hundred millions digit of 121040622?
1
What is the hundred thousands digit of 1065044111?
0
What is the tens digit of 279437743?
4
What is the thousands digit of 96832445?
2
What is the ten thousands digit of 123873714?
7
What is the thousands digit of 564515228?
5
What is the ten thousands digit of 3134089693?
8
What is the units digit of 970226835?
5
What is the thousands digit of 2293051399?
1
What is the tens digit of 52270621?
2
What is the ten thousands digit of 179939325?
3
What is the units digit of 3693273?
3
What is the ten millions digit of 4318817495?
1
What is the tens digit of 275588638?
3
What is the hundred thousands digit of 46725848?
7
What is the hundred thousands digit of 68099489?
0
What is the hundred millions digit of 166872954?
1
What is the units digit of 139288074?
4
What is the thousands digit of 1564382845?
2
What is the ten millions digit of 2086408650?
8
What is the hundreds digit of 3622867016?
0
What is the units digit of 131290651?
1
What is the thousands digit of 89269926?
9
What is the units digit of 1619624094?
4
What is the millions digit of 205158443?
5
What is the ten thousands digit of 2192876687?
7
What is the hundred thousands digit of 33994955?
9
What is the millions digit of 247411371?
7
What is the thousands digit of 7825955?
5
What is the millions digit of 622163096?
2
What is the ten thousands digit of 2050644135?
4
What is the units digit of 222743261?
1
What is the hundred millions digit of 8190361955?
1
What is the hundred millions digit of 1834071304?
8
What is the tens digit of 170487722?
2
What is the tens digit of 15375572?
7
What is the ten thousands digit of 153053908?
5
What is the thousands digit of 118450434?
0
What is the units digit of 3053101073?
3
What is the hundred thousands digit of 3529427?
5
What is the hundred thousands digit of 38871601?
8
What is the units digit of 416713406?
6
What is the units digit of 195893793?
3
What is the hundreds digit of 1137307782?
7
What is the units digit of 133440558?
8
What is the hundred thousands digit of 302601462?
6
What is the millions digit of 1565754092?
5
What is the tens digit of 17120477?
7
What is the hundreds digit of 113301779?
7
What is the ten thousands digit of 8492257?
9
What is the billions digit of 1978546916?
1
What is the millions digit of 1455167499?
5
What is the ten millions digit of 48177918?
4
What is the ten millions digit of 60207670?
6
What is the units digit of 2629774421?
1
What is the hundred thousands digit of 4086643?
0
What is the ten millions digit of 109251592?
0
What is the hundred millions digit of 1769183460?
7
What is the thousands digit of 30997110?
7
What is the millions digit of 322256813?
2
What is the hundred millions digit of 188870591?
1
What is the hundred thousands digit of 338578650?
5
What is the units digit of 1728815950?
0
What is the ten thousands digit of 2033406898?
0
What is the hundreds digit of 164705461?
4
What is the hundred thousands digit of 120200069?
2
What is the millions digit of 68796443?
8
What is the units digit of 8111006?
6
What is the hundreds digit of 1354833303?
3
What is the units digit of 169354715?
5
What is the units digit of 75557009?
9
What is the tens digit of 107850198?
9
What is the units digit of 2835413617?
7
What is the ten thousands digit of 1266596099?
9
What is the hundred thousands digit of 142995689?
9
What is the ten millions digit of 183129270?
8
What is the ten thousands digit of 609779467?
7
What is the ten millions digit of 1387347042?
8
What is the millions digit of 106087201?
6
What is the tens digit of 121889849?
4
What is the millions digit of 1818227682?
8
What is the hundred millions digit of 367932537?
3
What is the hundred millions digit of 560070196?
5
What is the units digit of 2385738367?
7
What is the thousands digit of 684687606?
7
What is the hundred millions digit of 613782944?
6
What is the thousands digit of 514787276?
7
What is the hundreds digit of 205744997?
9
What is the tens digit of 849849177?
7
What is the units digit of 231113892?
2
What is the tens digit of 9180114?
1
What is the ten thousands digit of 230779354?
7
What is the ten millions digit of 40800526?
4
What is the thousands digit of 306353096?
3
What is the hundred millions digit of 162902320?
1
What is the millions digit of 3339547?
3
What is the hundreds digit of 295120958?
9
What is the thousands digit of 743099983?
9
What is the ten millions digit of 84612580?
8
What is the hundred millions digit of 5288751135?
2
What is the hundred millions digit of 213231473?
2
What is the millions digit of 448507415?
8
What is the thousands digit of 1666345858?
5
What is the hundred thousands digit of 47437196?
4
What is the hundred thousands digit of 3716711741?
7
What is the ten thousands digit of 22676832?
7
What is the hundreds digit of 33656199?
1
What is the hundreds digit of 1460876960?
9
What is the hundred millions digit of 478596757?
4
What is the hundreds digit of 3788131865?
8
What is the tens digit of 16311079?
7
What is the ten millions digit of 90737656?
9
What is the units digit of 17273954?
4
What is the hundreds digit of 25318678?
6
What is the hundred millions digit of 564221238?
5
What is the thousands digit of 135347732?
7
What is the ten millions digit of 131493332?
3
What is the hundreds digit of 24643938?
9
What is the hundred millions digit of 156582650?
1
What is the hundred thousands digit of 118219968?
2
What is the hundreds digit of 1955662204?
2
What is the hundreds digit of 84374954?
9
What is the millions digit of 22405576?
2
What is the millions digit of 3316044223?
6
What is the hundred millions digit of 894239928?
8
What is the hundred thousands digit of 124009969?
0
What is the hundred thousands digit of 16885284?
8
What is the tens digit of 2071156875?
7
What is the hundreds digit of 2106425265?
2
What is the units digit of 865950524?
4
What is the ten millions digit of 60536980?
6
What is the hundred thousands digit of 33660249?
6
What is the units digit of 4597377758?
8
What is the thousands digit of 727066716?
6
What is the ten thousands digit of 140555782?
5
What is the tens digit of 974165836?
3
What is the units digit of 452447578?
8
What is the tens digit of 1838530145?
4
What is the ten thousands digit of 468037632?
3
What is the ten thousands digit of 124622389?
2
What is the millions digit of 31802228?
1
What is the millions digit of 149111278?
9
What is the thousands digit of 107279636?
9
What is the ten thousands digit of 3802785?
0
What is the tens digit of 1526939401?
0
What is the hundreds digit of 1450535875?
8
What is the millions digit of 74215992?
4
What is the hundreds digit of 84491766?
7
What is the ten thousands digit of 1811678889?
7
What is the hundred millions digit of 165545284?
1
What is the hundred thousands digit of 599083460?
0
What is the tens digit of 4997554950?
5
What is the millions digit of 100410313?
0
What is the billions digit of 1237706893?
1
What is the ten thousands digit of 299770913?
7
What is the hundreds digit of 83497719?
7
What is the units digit of 568161290?
0
What is the hundred millions digit of 121759604?
1
What is the hundred thousands digit of 2002958935?
9
What is the hundreds digit of 153728260?
2
What is the hundred thousands digit of 390629823?
6
What is the millions digit of 41104678?
1
What is the hundreds digit of 812034968?
9
What is the billions digit of 5626833562?
5
What is the ten thousands digit of 34339359?
3
What is the tens digit of 58437196?
9
What is the ten millions digit of 20809542?
2
What is the hundred thousands digit of 63483793?
4
What is the thousands digit of 3323721544?
1
What is the hundred thousands digit of 259505932?
5
What is the ten thousands digit of 742320473?
2
What is the units digit of 44340518?
8
What is the hundred thousands digit of 4490509735?
5
What is the ten millions digit of 414720711?
1
What is the millions digit of 624648471?
4
What is the units digit of 2348526233?
3
What is the thousands digit of 6326442443?
2
What is the ten thousands digit of 76229927?
2
What is the millions digit of 59958416?
9
What is the millions digit of 205636999?
5
What is the hundred millions digit of 1715747556?
7
What is the hundr